rue
Is 4057224649 a composite number?
False
Is 485731819 prime?
False
Is 12757369213 a prime number?
True
Is 52647078637 a prime number?
False
Is 552633437 a composite number?
True
Is 243529808039 a composite number?
True
Is 1216478217 prime?
False
Is 2820364879 a composite number?
True
Is 16672336805 a prime number?
False
Is 8719111361 a prime number?
False
Is 1408720849 a prime number?
False
Is 43416785597 a composite number?
True
Is 145364084743 a prime number?
False
Is 2170458317 prime?
False
Is 1397094355 prime?
False
Is 26722593277 composite?
False
Is 382274755 composite?
True
Is 111851759609 prime?
False
Is 1454826809 prime?
True
Is 16783678049 a composite number?
True
Is 7464880957 composite?
False
Is 6397343657 a composite number?
False
Is 521320999 a composite number?
False
Is 138537134 composite?
True
Is 360491399 a prime number?
True
Is 13363762777 composite?
False
Is 1153582081 a composite number?
True
Is 232232227 a composite number?
False
Is 1873921615 a composite number?
True
Is 538874261 a prime number?
True
Is 5801752679 a composite number?
False
Is 2960485709 a prime number?
False
Is 11979313603 prime?
False
Is 1054862317 a prime number?
False
Is 760160507 prime?
False
Is 4657561541 composite?
True
Is 8114738503 a composite number?
True
Is 123218772667 prime?
False
Is 96113094635 a prime number?
False
Is 9006088261 a composite number?
False
Is 6829442923 prime?
False
Is 11229538159 composite?
True
Is 297241157 a prime number?
False
Is 2732163853 a prime number?
True
Is 17544255841 a composite number?
True
Is 29531445101 prime?
False
Is 850899547 a prime number?
True
Is 24277469 composite?
False
Is 72763730063 prime?
False
Is 2719577543 a prime number?
True
Is 556819033 a composite number?
False
Is 48362116477 prime?
False
Is 11444628409 prime?
True
Is 8936707031 a composite number?
True
Is 30315062221 a prime number?
False
Is 542559967 prime?
False
Is 666002137 a prime number?
False
Is 1041642311 prime?
False
Is 70846696787 composite?
True
Is 633094607 prime?
False
Is 368114338 a prime number?
False
Is 517926217 a composite number?
True
Is 1092487607 a prime number?
True
Is 20991940379 a composite number?
False
Is 28337153993 a composite number?
False
Is 1362351779 prime?
False
Is 15051155531 composite?
True
Is 132583408141 prime?
False
Is 151724863529 a composite number?
False
Is 228069197 a composite number?
False
Is 4284058291 composite?
False
Is 870005783 prime?
False
Is 5151522179 a prime number?
True
Is 797468891 a prime number?
True
Is 327018901 composite?
True
Is 27309704311 a prime number?
True
Is 22256631346 a prime number?
False
Is 61109439659 prime?
True
Is 3973328189 composite?
True
Is 1049916851 prime?
True
Is 60809501 a composite number?
True
Is 838005059 composite?
False
Is 10503006533 composite?
True
Is 96076290403 a prime number?
True
Is 5984140885 prime?
False
Is 11975606989 composite?
True
Is 80336256131 composite?
False
Is 30707477797 prime?
False
Is 144238499 a composite number?
False
Is 1938802967 composite?
True
Is 3512812231 a prime number?
True
Is 1026016969 a prime number?
True
Is 2980732693 a prime number?
True
Is 2767626227 prime?
True
Is 7794508021 a prime number?
True
Is 23437574 composite?
True
Is 14437552069 a prime number?
True
Is 10930284187 a composite number?
True
Is 14095890937 prime?
False
Is 765344053 a prime number?
False
Is 37166841931 a prime number?
False
Is 1912204309 a prime number?
True
Is 31819504597 a composite number?
True
Is 38080442819 composite?
True
Is 8868717839 a prime number?
True
Is 28227476851 a prime number?
False
Is 1786769213 a prime number?
False
Is 661589947 a prime number?
False
Is 509463743 composite?
False
Is 171062756049 prime?
False
Is 24619481207 a composite number?
True
Is 5230634411 a prime number?
False
Is 4040299139 composite?
False
Is 32269058579 composite?
True
Is 1128253141 prime?
False
Is 5025415609 prime?
True
Is 478564897 a composite number?
False
Is 945455177 prime?
False
Is 8877896771 prime?
True
Is 103880243 a composite number?
True
Is 23597445107 prime?
True
Is 704716577 a prime number?
False
Is 7376441 composite?
False
Is 1834756081 a composite number?
False
Is 1108979735 a composite number?
True
Is 639753797 composite?
False
Is 2915536703 a composite number?
True
Is 12668150347 composite?
False
Is 170664847 a composite number?
True
Is 2126556181 a composite number?
False
Is 1050316367 prime?
False
Is 5977273261 a composite number?
False
Is 6343268471 composite?
False
Is 27566516437 a prime number?
False
Is 296002901 a composite number?
False
Is 8304793591 prime?
True
Is 3596685137 prime?
True
Is 4094210933 composite?
True
Is 9859398797 a composite number?
False
Is 37357219677 prime?
False
Is 5383610467 composite?
False
Is 196109383 a prime number?
True
Is 44695322527 a composite number?
False
Is 3210982877 prime?
False
Is 17420515447 a prime number?
True
Is 1056556923 a prime number?
False
Is 282422089 prime?
False
Is 596783099 composite?
True
Is 24069397067 a composite number?
True
Is 489183369 a prime number?
False
Is 2796315009 a composite number?
True
Is 87134158 composite?
True
Is 22059195247 composite?
False
Is 937178549 a composite number?
True
Is 235541863 composite?
True
Is 371575919603 a prime number?
False
Is 4504651471 prime?
True
Is 1216204861 a prime number?
True
Is 61574627 composite?
True
Is 1288266117 a composite number?
True
Is 7883354579 a composite number?
False
Is 11516317507 a prime number?
False
Is 21041129 composite?
True
Is 55643887097 prime?
False
Is 33366601621 prime?
True
Is 97131887 a composite number?
True
Is 24992783 composite?
True
Is 63146418019 a composite number?
True
Is 600229957 composite?
True
Is 7796513779 a composite number?
False
Is 75759139 prime?
True
Is 88593627697 prime?
True
Is 24831321071 composite?
False
Is 1956570823 a prime number?
True
Is 17212726793 a prime number?
False
Is 13620065969 composite?
False
Is 520166513 prime?
True
Is 3534889859 a prime number?
True
Is 4225097647 a composite number?
False
Is 2268936497 a composite number?
True
Is 8841356249 a composite number?
True
Is 3722632159 prime?
True
Is 1540884407 a composite number?
False
Is 58335685153 composite?
False
Is 214021958 composite?
True
Is 5863435597 prime?
True
Is 14590102283 composite?
False
Is 2686370657 composite?
False
Is 2286659566 composite?
True
Is 3130200247 a composite number?
False
Is 1387174127 a prime number?
False
Is 939446989 a composite number?
True
Is 22406658883 composite?
True
Is 487571207 prime?
False
Is 39214773329 a composite number?
False
Is 1376725303 composite?
False
Is 1513775941 a composite number?
True
Is 999106729 composite?
True
Is 13795397662 prime?
False
Is 650501839 a prime number?
False
Is 139519618811 a composite number?
False
Is 37663181 a composite number?
True
Is 14665568507 a composite number?
False
Is 82430192753 a composite number?
True
Is 111549597877 a composite number?
True
Is 174848539 composite?
False
Is 5657382457 composite?
False
Is 61352694511 a prime number?
False
Is 1419458189 prime?
True
Is 6609315561 a composite number?
True
Is 11549364809 a composite number?
False
Is 963762923 prime?
True
Is 672541417 prime?
False
Is 31234381931 prime?
True
Is 21526078179 a composite number?
True
Is 81905657 a composite number?
True
Is 11050900247 a composite number?
False
Is 592848614 composite?
True
Is 1167414947 a composite number?
True
Is 196284947 prime?
True
Is 8822765041 prime?
False
Is 12122805713 composite?
True
Is 134039623297 composite?
False
Is 23694720323 a prime number?
False
Is 9780426307 a prime number?
True
Is 814844729 composite?
False
Is 170909347241 composite?
True
Is 57367594153 a prime number?
False
Is 6295815457 a prime number?
True
Is 27119447507 a prime number?
False
Is 5520039763 a prime number?
False
Is 1642004999 a composite number?
True
Is 1911529993 prime?
True
Is 96774165331 a composite number?
False
Is 4177169473 prime?
True
Is 45854242309 a prime number?
True
Is 962728577 a prime number?
True
Is 6408266449 composite?
True
Is 22861818011 a prime number?
True
Is 35269486939 a prime number?
True
Is 6295196381 prime?
False
Is 82293559 a prime number?
False
Is 21063032141 a composite number?
True
Is 39396163 a composite number?
False
Is 25151694307 prime?
